{"id":93,"date":"2022-12-02T09:57:13","date_gmt":"2022-12-02T08:57:13","guid":{"rendered":"https:\/\/brigitte.meissl.name\/?page_id=93"},"modified":"2026-03-24T22:04:42","modified_gmt":"2026-03-24T21:04:42","slug":"ausstellungen","status":"publish","type":"page","link":"https:\/\/brigitte.meissl.name\/index.php\/ausstellungen\/","title":{"rendered":"Ausstellungen"},"content":{"rendered":"\n<h3 class=\"wp-block-heading\">Auswahl der Ausstellungs- und Projektbeteiligungen der letzten Jahre:<\/h3>\n\n\n\n<p><\/p>\n\n\n\n<p>2025: <strong>&#8222;Wasser II&#8220;<\/strong> Ausstellung in der <em>WGP-Gew\u00f6lbegalerie in <\/em>Passau<\/p>\n\n\n\n<p>2025: <strong>&#8222;von JETZT nach DORT&#8220;<\/strong> in der Bastei in Nov\u00fd Ji\u010d\u00edn\/Neu Titschein in Tschechien<\/p>\n\n\n\n<p>2025: <strong>&#8222;Wasser&#8220; Symposium<\/strong> f\u00fcr manuelle Drucktechniken<\/p>\n\n\n\n<p>in der kunst&amp;DRUCKwerkstatt AM Bahnhof, Ausstellung Galerie KIAM in Amstetten<\/p>\n\n\n\n<p>2025: <strong>&#8222;Ohne Br\u00fccken keine Verbindung&#8220; <\/strong>Ausstellung<\/p>\n\n\n\n<p>im Stadtmuseum und Galerie Hustope\u010de, Tschechien<\/p>\n\n\n\n<p>2025: <strong>&#8222;Farben der Emotionen&#8220;, <\/strong>Ausstellung im Kunstsalon Sch\u00f6nbrunn, Wien<\/p>\n\n\n\n<p>2024: <strong>&#8222;grenzenlos&#8220;<\/strong> <strong>Symposium<\/strong> f\u00fcr manuelle Drucktechniken. <\/p>\n\n\n\n<p>kunst&amp;DRUCKwerkstatt AM Bahnhof, Hausmening, Ausstellung im Schloss Ulmerfeld<\/p>\n\n\n\n<p>2024: <strong>&#8222;von JETZT nach DORT&#8220;<\/strong><\/p>\n\n\n\n<p>im Essingerhaus, M\u00f6dling<\/p>\n\n\n\n<p>2024: <strong>&#8222;Sturm &amp; Drang&#8220;<\/strong> <strong>&#8211; ART AWARD 2024 f\u00fcr Textilkunst<\/strong> <strong>&#8211; 3. Platz<\/strong><\/p>\n\n\n\n<p>Berufsvereinigung der bildenden K\u00fcnstler \u00d6sterreichs, Galerie am Park, Wien <\/p>\n\n\n\n<p>2023: <strong>&#8222;UnderPRESSURE No2&#8220;<\/strong> Ausstellung in der Galerie KIAM, Amstetten<\/p>\n\n\n\n<p>2023: <strong>&#8222;umBRUCH&#8220; Symposium<\/strong> f\u00fcr manuelle Drucktechniken<\/p>\n\n\n\n<p>kunst&amp;DRUCKwerkstatt AM Bahnhof, Hausmening<\/p>\n\n\n\n<p>2023: <strong>&#8222;umBRUCH&#8220;<\/strong> <\/p>\n\n\n\n<p>im Schloss Ulmerfeld<\/p>\n\n\n\n<p>2023: <strong>&#8222;Der rote Faden&#8220;<\/strong><\/p>\n\n\n\n<p>im Kunstsalon, Schloss Sch\u00f6nbrunn, Wien<\/p>\n\n\n\n<p>2023: <strong>&#8222;LIGETI &#8211; JETZT&#8220;<\/strong><\/p>\n\n\n\n<p>in &#8222;KUNST IM RAUM&#8220;, Galerie im ersten Stock, M\u00f6dling<\/p>\n\n\n\n<p>2022: <strong>&#8222;Textilien \u2013 Spiegel der Menschen im Wandel der Zeit&#8220;<\/strong><\/p>\n\n\n\n<p>in der Galerie Kubus, Schloss Primmersdorf<\/p>\n\n\n\n<p>2022: <strong>&#8222;GLOBAL &#8211; JETZT&#8220;<\/strong> Beitrag zum Viertelfestival 2022<\/p>\n\n\n\n<p> im KUNSTHAUS LAA <\/p>\n\n\n\n<p>und in der Bastei in Nov\u00fd Ji\u010d\u00edn\/Neu Titschein in Tschechien<\/p>\n\n\n\n<p>2022: <strong>&#8222;PLA:natur:STIK&#8220;<\/strong> Skulptur zur N\u00d6 Landesausstellung 2022 <\/p>\n\n\n\n<p>im Park von Schloss Marchegg<\/p>\n\n\n\n<p>2021: &#8222;<strong>JETZT 10+&#8220;<\/strong> Jubil\u00e4umsausstellung der K\u00fcnstlerInnengruppe JETZT<\/p>\n\n\n\n<p>in der Sala Terrena, M\u00f6dling<\/p>\n\n\n\n<p>2020: <strong>&#8222;BEETHOVEN JETZT&#8220;<\/strong> zum Jubil\u00e4um moving beethoven<\/p>\n\n\n\n<p>in der Spitalkirche, M\u00f6dling<\/p>\n\n\n\n<p>2020: &#8222;<strong>Covid 19 \u2013 Ein weltumspannendes Erdbeben&#8220;<\/strong><\/p>\n\n\n\n<p>im KUNSTHAUS LAA<\/p>\n\n\n\n<p>2019: <strong>&#8222;Ohne Br\u00fccken keine Verbindung&#8220;<\/strong><\/p>\n\n\n\n<p>im bulgarischen Kulturinstitut, Haus Wittgenstein, Wien<\/p>\n\n\n\n<p>und in der st\u00e4dtischen Galerie der europ\u00e4ischen Kulturhauptstadt 2019 Plovdiv, Bulgarien<\/p>\n\n\n\n<p>2019: <strong>&#8222;JETZT BEWEGT JETZT&#8220;<\/strong> Beitrag zur N\u00d6 Landesausstellung 2019 <\/p>\n\n\n\n<p>sowie zum N\u00d6 Viertelfestival 2019 in Wr. Neustadt<\/p>\n\n\n\n<p>2018: <strong>&#8222;JETZT geht Narrnkastlschauen&#8220;<\/strong> Beitrag zum Viertelfestival Waldviertel 2018<\/p>\n\n\n\n<p>im Schloss Ottenschlag und im Museum M\u00f6dling<\/p>\n\n\n\n<p>2018: <strong>&#8222;das Licht der Welt&#8220;<\/strong> zu Advent und Weihnachten, Gestaltung der Altarwand<\/p>\n\n\n\n<p>in der Pfarrkirche Hinterbr\u00fchl, Auftragsarbeit der Pfarre, \u00d6lbilder 80x80cm<\/p>\n\n\n\n<p>2017:<strong> &#8222;just orange&#8220;<\/strong> <\/p>\n\n\n\n<p>im Otto Mauerzentrum, Wien<\/p>\n\n\n\n<p>2016: Ausstellung <strong>&#8222;Pillow\/Polster &#8211; 100 HoursofArt&#8220;<\/strong><\/p>\n\n\n\n<p>im MuseumsQuartier, Wien<\/p>\n\n\n\n<p><\/p>\n","protected":false},"excerpt":{"rendered":"<p>Auswahl der Ausstellungs- und Projektbeteiligungen der letzten Jahre: 2025: &#8222;Wasser II&#8220; Ausstellung in der WGP-Gew\u00f6lbegalerie in Passau 2025: &#8222;von JETZT nach DORT&#8220; in der Bastei in Nov\u00fd Ji\u010d\u00edn\/Neu Titschein in Tschechien 2025: &#8222;Wasser&#8220; Symposium f\u00fcr manuelle Drucktechniken in der kunst&amp;DRUCKwerkstatt &hellip; <a href=\"https:\/\/brigitte.meissl.name\/index.php\/ausstellungen\/\">Continue reading <span class=\"meta-nav\">&rarr;<\/span><\/a><\/p>\n","protected":false},"author":1,"featured_media":0,"parent":0,"menu_order":0,"comment_status":"closed","ping_status":"closed","template":"","meta":{"footnotes":""},"class_list":["post-93","page","type-page","status-publish","hentry"],"_links":{"self":[{"href":"https:\/\/brigitte.meissl.name\/index.php\/wp-json\/wp\/v2\/pages\/93","targetHints":{"allow":["GET"]}}],"collection":[{"href":"https:\/\/brigitte.meissl.name\/index.php\/wp-json\/wp\/v2\/pages"}],"about":[{"href":"https:\/\/brigitte.meissl.name\/index.php\/wp-json\/wp\/v2\/types\/page"}],"author":[{"embeddable":true,"href":"https:\/\/brigitte.meissl.name\/index.php\/wp-json\/wp\/v2\/users\/1"}],"replies":[{"embeddable":true,"href":"https:\/\/brigitte.meissl.name\/index.php\/wp-json\/wp\/v2\/comments?post=93"}],"version-history":[{"count":17,"href":"https:\/\/brigitte.meissl.name\/index.php\/wp-json\/wp\/v2\/pages\/93\/revisions"}],"predecessor-version":[{"id":562,"href":"https:\/\/brigitte.meissl.name\/index.php\/wp-json\/wp\/v2\/pages\/93\/revisions\/562"}],"wp:attachment":[{"href":"https:\/\/brigitte.meissl.name\/index.php\/wp-json\/wp\/v2\/media?parent=93"}],"curies":[{"name":"wp","href":"https:\/\/api.w.org\/{rel}","templated":true}]}}

<h3 class="wp-block-heading">Auswahl der Ausstellungs- und Projektbeteiligungen der letzten Jahre:</h3>



<p></p>



<p>2025: <strong>&#8222;Wasser II&#8220;</strong> Ausstellung in der <em>WGP-Gewölbegalerie in </em>Passau</p>



<p>2025: <strong>&#8222;von JETZT nach DORT&#8220;</strong> in der Bastei in Nový Jičín/Neu Titschein in Tschechien</p>



<p>2025: <strong>&#8222;Wasser&#8220; Symposium</strong> für manuelle Drucktechniken</p>



<p>in der kunst&amp;DRUCKwerkstatt AM Bahnhof, Ausstellung Galerie KIAM in Amstetten</p>



<p>2025: <strong>&#8222;Ohne Brücken keine Verbindung&#8220; </strong>Ausstellung</p>



<p>im Stadtmuseum und Galerie Hustopeče, Tschechien</p>



<p>2025: <strong>&#8222;Farben der Emotionen&#8220;, </strong>Ausstellung im Kunstsalon Schönbrunn, Wien</p>



<p>2024: <strong>&#8222;grenzenlos&#8220;</strong> <strong>Symposium</strong> für manuelle Drucktechniken. </p>



<p>kunst&amp;DRUCKwerkstatt AM Bahnhof, Hausmening, Ausstellung im Schloss Ulmerfeld</p>



<p>2024: <strong>&#8222;von JETZT nach DORT&#8220;</strong></p>



<p>im Essingerhaus, Mödling</p>



<p>2024: <strong>&#8222;Sturm &amp; Drang&#8220;</strong> <strong>&#8211; ART AWARD 2024 für Textilkunst</strong> <strong>&#8211; 3. Platz</strong></p>



<p>Berufsvereinigung der bildenden Künstler Österreichs, Galerie am Park, Wien </p>



<p>2023: <strong>&#8222;UnderPRESSURE No2&#8220;</strong> Ausstellung in der Galerie KIAM, Amstetten</p>



<p>2023: <strong>&#8222;umBRUCH&#8220; Symposium</strong> für manuelle Drucktechniken</p>



<p>kunst&amp;DRUCKwerkstatt AM Bahnhof, Hausmening</p>



<p>2023: <strong>&#8222;umBRUCH&#8220;</strong> </p>



<p>im Schloss Ulmerfeld</p>



<p>2023: <strong>&#8222;Der rote Faden&#8220;</strong></p>



<p>im Kunstsalon, Schloss Schönbrunn, Wien</p>



<p>2023: <strong>&#8222;LIGETI &#8211; JETZT&#8220;</strong></p>



<p>in &#8222;KUNST IM RAUM&#8220;, Galerie im ersten Stock, Mödling</p>



<p>2022: <strong>&#8222;Textilien – Spiegel der Menschen im Wandel der Zeit&#8220;</strong></p>



<p>in der Galerie Kubus, Schloss Primmersdorf</p>



<p>2022: <strong>&#8222;GLOBAL &#8211; JETZT&#8220;</strong> Beitrag zum Viertelfestival 2022</p>



<p> im KUNSTHAUS LAA </p>



<p>und in der Bastei in Nový Jičín/Neu Titschein in Tschechien</p>



<p>2022: <strong>&#8222;PLA:natur:STIK&#8220;</strong> Skulptur zur NÖ Landesausstellung 2022 </p>



<p>im Park von Schloss Marchegg</p>



<p>2021: &#8222;<strong>JETZT 10+&#8220;</strong> Jubiläumsausstellung der KünstlerInnengruppe JETZT</p>



<p>in der Sala Terrena, Mödling</p>



<p>2020: <strong>&#8222;BEETHOVEN JETZT&#8220;</strong> zum Jubiläum moving beethoven</p>



<p>in der Spitalkirche, Mödling</p>



<p>2020: &#8222;<strong>Covid 19 – Ein weltumspannendes Erdbeben&#8220;</strong></p>



<p>im KUNSTHAUS LAA</p>



<p>2019: <strong>&#8222;Ohne Brücken keine Verbindung&#8220;</strong></p>



<p>im bulgarischen Kulturinstitut, Haus Wittgenstein, Wien</p>



<p>und in der städtischen Galerie der europäischen Kulturhauptstadt 2019 Plovdiv, Bulgarien</p>



<p>2019: <strong>&#8222;JETZT BEWEGT JETZT&#8220;</strong> Beitrag zur NÖ Landesausstellung 2019 </p>



<p>sowie zum NÖ Viertelfestival 2019 in Wr. Neustadt</p>



<p>2018: <strong>&#8222;JETZT geht Narrnkastlschauen&#8220;</strong> Beitrag zum Viertelfestival Waldviertel 2018</p>



<p>im Schloss Ottenschlag und im Museum Mödling</p>



<p>2018: <strong>&#8222;das Licht der Welt&#8220;</strong> zu Advent und Weihnachten, Gestaltung der Altarwand</p>



<p>in der Pfarrkirche Hinterbrühl, Auftragsarbeit der Pfarre, Ölbilder 80x80cm</p>



<p>2017:<strong> &#8222;just orange&#8220;</strong> </p>



<p>im Otto Mauerzentrum, Wien</p>



<p>2016: Ausstellung <strong>&#8222;Pillow/Polster &#8211; 100 HoursofArt&#8220;</strong></p>



<p>im MuseumsQuartier, Wien</p>



<p></p>

<p>Auswahl der Ausstellungs- und Projektbeteiligungen der letzten Jahre: 2025: &#8222;Wasser II&#8220; Ausstellung in der WGP-Gewölbegalerie in Passau 2025: &#8222;von JETZT nach DORT&#8220; in der Bastei in Nový Jičín/Neu Titschein in Tschechien 2025: &#8222;Wasser&#8220; Symposium für manuelle Drucktechniken in der kunst&amp;DRUCKwerkstatt &hellip; <a href="https://brigitte.meissl.name/index.php/ausstellungen/">Continue reading <span class="meta-nav">&rarr;</span></a></p>
